?
9
What is the units digit of 629339?
9
What is the hundred thousands digit of 6352111?
3
What is the units digit of 276586?
6
What is the ten millions digit of 18929013?
1
What is the ten thousands digit of 39207?
3
What is the tens digit of 108468?
6
What is the ten millions digit of 32423580?
3
What is the thousands digit of 10127173?
7
What is the tens digit of 1143800?
0
What is the millions digit of 14016998?
4
What is the tens digit of 128272?
7
What is the units digit of 242404?
4
What is the hundred thousands digit of 1684051?
6
What is the units digit of 1526977?
7
What is the units digit of 528437?
7
What is the units digit of 541427?
7
What is the ten thousands digit of 1133147?
3
What is the hundreds digit of 664567?
5
What is the hundred thousands digit of 10905226?
9
What is the ten thousands digit of 156869?
5
What is the units digit of 53018?
8
What is the hundred thousands digit of 1112370?
1
What is the thousands digit of 13025664?
5
What is the hundred thousands digit of 1008029?
0
What is the hundred thousands digit of 975083?
9
What is the tens digit of 4051653?
5
What is the hundreds digit of 9084?
0
What is the millions digit of 3524641?
3
What is the ten millions digit of 20952201?
2
What is the units digit of 533937?
7
What is the hundred thousands digit of 404527?
4
What is the hundred thousands digit of 1588814?
5
What is the hundred thousands digit of 7135864?
1
What is the ten thousands digit of 581544?
8
What is the hundreds digit of 237062?
0
What is the millions digit of 26273372?
6
What is the hundreds digit of 8164391?
3
What is the hundred thousands digit of 7128074?
1
What is the tens digit of 1745566?
6
What is the millions digit of 6092265?
6
What is the tens digit of 236246?
4
What is the thousands digit of 3211441?
1
What is the thousands digit of 673773?
3
What is the tens digit of 85693?
9
What is the thousands digit of 3812532?
2
What is the units digit of 122402?
2
What is the tens digit of 8009?
0
What is the thousands digit of 72171?
2
What is the units digit of 5710203?
3
What is the tens digit of 2189669?
6
What is the hundreds digit of 125897?
8
What is the ten thousands digit of 953216?
5
What is the hundreds digit of 3473972?
9
What is the tens digit of 1111329?
2
What is the ten thousands digit of 254544?
5
What is the hundred thousands digit of 32626797?
6
What is the thousands digit of 3814668?
4
What is the hundred thousands digit of 5033629?
0
What is the units digit of 615577?
7
What is the ten thousands digit of 17583510?
8
What is the units digit of 996712?
2
What is the ten millions digit of 16075025?
1
What is the tens digit of 872540?
4
What is the tens digit of 3619625?
2
What is the ten thousands digit of 23255480?
5
What is the ten thousands digit of 730284?
3
What is the thousands digit of 469397?
9
What is the hundreds digit of 1538353?
3
What is the tens digit of 651978?
7
What is the hundred thousands digit of 29663048?
6
What is the tens digit of 9240116?
1
What is the ten thousands digit of 12631716?
3
What is the tens digit of 7138650?
5
What is the hundreds digit of 7549154?
1
What is the hundreds digit of 1171330?
3
What is the tens digit of 700282?
8
What is the hundred thousands digit of 3425764?
4
What is the units digit of 500376?
6
What is the thousands digit of 429719?
9
What is the hundreds digit of 1088625?
6
What is the ten thousands digit of 18436493?
3
What is the tens digit of 7909873?
7
What is the thousands digit of 1255273?
5
What is the ten thousands digit of 19264931?
6
What is the ten thousands digit of 217297?
1
What is the millions digit of 3858912?
3
What is the units digit of 239817?
7
What is the hundreds digit of 1764399?
3
What is the hundreds digit of 707984?
9
What is the ten thousands digit of 12858798?
5
What is the thousands digit of 1814088?
4
What is the hundred thousands digit of 2793113?
7
What is the ten thousands digit of 954589?
5
What is the units digit of 2097522?
2
What is the tens digit of 1286399?
9
What is the hundreds digit of 14228335?
3
What is the ten thousands digit of 6353609?
5
What is the ten thousands digit of 839583?
3
What is the thousands digit of 18199007?
9
What is the hundred thousands digit of 670612?
6
What is the thousands digit of 2494648?
4
What is the units digit of 3870161?
1
What is the units digit of 23864605?
5
What is the millions digit of 2485462?
2
What is the units digit of 3689609?
9
What is the units digit of 1127070?
0
What is the hundred thousands digit of 2617569?
6
What is the hundreds digit of 299254?
2
What is the hundred thousands digit of 1452649?
4
What is the units digit of 1540568?
8
What is the units digit of 22236577?
7
What is the tens digit of 2330273?
7
What is the units digit of 104617?
7
What is the units digit of 23887264?
4
What is the hundreds digit of 16186663?
6
What is the units digit of 206173?
3
What is the ten thousands digit of 12942?
1
What is the hundred thousands digit of 402462?
4
What is the ten thousands digit of 86059?
8
What is the hundreds digit of 866273?
2
What is the ten thousands digit of 46458?
4
What is the tens digit of 1762487?
8
What is the hundreds digit of 4337200?
2
What is the ten thousands digit of 10453879?
5
What is the units digit of 5167260?
0
What is the hundreds digit of 29677553?
5
What is the hundreds digit of 8923507?
5
What is the units digit of 3145720?
0
What is the ten thousands digit of 24397721?
9
What is the ten thousands digit of 511241?
1
What is the ten thousands digit of 4229013?
2
What is the thousands digit of 14057?
4
What is the hundreds digit of 5007?
0
What is the hundred thousands digit of 1033115?
0
What is the ten thousands digit of 357768?
5
What is the ten thousands digit of 972590?
7
What is the ten thousands digit of 46073?
4
What is the tens digit of 9035746?
4
What is the hundreds digit of 9074115?
1
What is the tens digit of 114704?
0
What is the hundred thousands digit of 17846531?
8
What is the units digit of 148485?
5
What is the units digit of 19171618?
8
What is the hundreds digit of 146410?
4
What is the ten thousands digit of 98598?
9
What is the hundred thousands digit of 12163100?
1
What is the units digit of 705519?
9
What is the hundreds digit of 121528?
5
What is the tens digit of 504277?
7
What is the hundred thousands digit of 612807?
6
What is the ten thousands digit of 302160?
0
What is the thousands digit of 5384737?
4
What is the hundred thousands digit of 8831676?
8
What is the thousands digit of 503921?
3
What is the hundred thousands digit of 1713642?
7
What is the hundreds digit of 110556?
5
What is the thousands digit of 401966?
1
What is the tens digit of 8425913?
1
What is the units digit of 362976?
6
What is the hundreds digit of 782517?
5
What is the ten thousands digit of 73285?
7
What is the thousands digit of 3028844?
8
What is the hundreds digit of 211607?
6
What is the tens digit of 520352?
5
What is the hundreds digit of 81834?
8
What is the units digit of 1057327?
7
What is the thousands digit of 199163?
9
What is the thousands digit of 901402?
1
What is the units digit of 5575431?
1
What is the hundred thousands digit of 282836?
2
What is the hundreds digit of 24032831?
8
What is the ten thousands digit of 596284?
9
What is the millions digit of 1205327?
1
What is the units digit of 611426?
6
What is the units digit of 35787901?
1
What is the tens digit of 9902431?
3
What is the hundred thousands digit of 1224540?
2
What is the units digit of 3173470?
0
What is the ten thousands digit of 209209?
0
What is the thousands digit of 2007676?
7
What is the hundred thousands digit of 349764?
3
What is the millions digit of 9961396?
9
What is the hundred thousands digit of 460294?
4
What is the ten thousands digit of 1775487?
7
What is the hundred thousands digit of 1005420?
0
What is the hundreds digit of 284988?
9
What is the hundred thousands digit of 831910?
8
What is the units digit of 5801547?
7
What is the ten thousands digit of 9909470?
0
What is the thousands digit of 1510082?
0
What is the tens digit of 4841745?
4
What is the thousands digit of 7012392?
2
What is the hundred thousands digit of 4547886?
5
What is the tens digit of 581481?
8
What is the thousands digit of